{"id":682,"date":"2023-08-04T20:00:04","date_gmt":"2023-08-04T23:00:04","guid":{"rendered":"https:\/\/homu.com.ar\/new\/?page_id=682"},"modified":"2024-12-26T17:38:56","modified_gmt":"2024-12-26T20:38:56","slug":"club-toyota","status":"publish","type":"page","link":"https:\/\/homu.com.ar\/new\/club-toyota\/","title":{"rendered":"Club Toyota"},"content":{"rendered":"\t\t<div data-elementor-type=\"wp-page\" data-elementor-id=\"682\" class=\"elementor elementor-682\" data-elementor-post-type=\"page\">\n\t\t\t\t<div class=\"elementor-element elementor-element-408601f e-flex e-con-boxed e-con e-parent\" data-id=\"408601f\" data-element_type=\"container\" data-e-type=\"container\">\n\t\t\t\t\t<div class=\"e-con-inner\">\n\t\t\t\t<div class=\"elementor-element elementor-element-98dd74a elementor-widget elementor-widget-image\" data-id=\"98dd74a\" data-element_type=\"widget\" data-e-type=\"widget\" data-widget_type=\"image.default\">\n\t\t\t\t<div class=\"elementor-widget-container\">\n\t\t\t\t\t\t\t\t\t\t\t\t\t\t\t<img fetchpriority=\"high\" decoding=\"async\" width=\"1135\" height=\"341\" src=\"https:\/\/homu.com.ar\/new\/wp-content\/uploads\/2023\/08\/slider-clu.jpg\" class=\"attachment-full size-full wp-image-691\" alt=\"\" srcset=\"https:\/\/homu.com.ar\/new\/wp-content\/uploads\/2023\/08\/slider-clu.jpg 1135w, https:\/\/homu.com.ar\/new\/wp-content\/uploads\/2023\/08\/slider-clu-300x90.jpg 300w, https:\/\/homu.com.ar\/new\/wp-content\/uploads\/2023\/08\/slider-clu-1024x308.jpg 1024w, https:\/\/homu.com.ar\/new\/wp-content\/uploads\/2023\/08\/slider-clu-768x231.jpg 768w\" sizes=\"(max-width: 1135px) 100vw, 1135px\" \/>\t\t\t\t\t\t\t\t\t\t\t\t\t\t\t<\/div>\n\t\t\t\t<\/div>\n\t\t\t\t\t<\/div>\n\t\t\t\t<\/div>\n\t\t<div class=\"elementor-element elementor-element-c0af955 e-flex e-con-boxed e-con e-parent\" data-id=\"c0af955\" data-element_type=\"container\" data-e-type=\"container\">\n\t\t\t\t\t<div class=\"e-con-inner\">\n\t\t<div class=\"elementor-element elementor-element-aa1b638 e-con-full e-flex e-con e-child\" data-id=\"aa1b638\" data-element_type=\"container\" data-e-type=\"container\">\n\t\t\t\t<div class=\"elementor-element elementor-element-91978a3 elementor-widget elementor-widget-image\" data-id=\"91978a3\" data-element_type=\"widget\" data-e-type=\"widget\" data-widget_type=\"image.default\">\n\t\t\t\t<div class=\"elementor-widget-container\">\n\t\t\t\t\t\t\t\t\t\t\t\t\t\t\t<img decoding=\"async\" width=\"418\" height=\"165\" src=\"https:\/\/homu.com.ar\/new\/wp-content\/uploads\/2023\/08\/059b83ee-9cfb-47aa-9c70-15cf567fdecb-e1691191049454.png\" class=\"attachment-large size-large wp-image-697\" alt=\"\" srcset=\"https:\/\/homu.com.ar\/new\/wp-content\/uploads\/2023\/08\/059b83ee-9cfb-47aa-9c70-15cf567fdecb-e1691191049454.png 418w, https:\/\/homu.com.ar\/new\/wp-content\/uploads\/2023\/08\/059b83ee-9cfb-47aa-9c70-15cf567fdecb-e1691191049454-300x118.png 300w\" sizes=\"(max-width: 418px) 100vw, 418px\" \/>\t\t\t\t\t\t\t\t\t\t\t\t\t\t\t<\/div>\n\t\t\t\t<\/div>\n\t\t<div class=\"elementor-element elementor-element-fd8f67a e-flex e-con-boxed e-con e-child\" data-id=\"fd8f67a\" data-element_type=\"container\" data-e-type=\"container\">\n\t\t\t\t\t<div class=\"e-con-inner\">\n\t\t<div class=\"elementor-element elementor-element-a4fd35c e-flex e-con-boxed e-con e-child\" data-id=\"a4fd35c\" data-element_type=\"container\" data-e-type=\"container\">\n\t\t\t\t\t<div class=\"e-con-inner\">\n\t\t\t\t<div class=\"elementor-element elementor-element-86181b3 elementor-widget elementor-widget-text-editor\" data-id=\"86181b3\" data-element_type=\"widget\" data-e-type=\"widget\" data-widget_type=\"text-editor.default\">\n\t\t\t\t<div class=\"elementor-widget-container\">\n\t\t\t\t\t\t\t\t\t\u00bfQU\u00c9 ES CLUB TOYOTA?\t\t\t\t\t\t\t\t<\/div>\n\t\t\t\t<\/div>\n\t\t\t\t<div class=\"elementor-element elementor-element-66e4f70 elementor-widget elementor-widget-text-editor\" data-id=\"66e4f70\" data-element_type=\"widget\" data-e-type=\"widget\" data-widget_type=\"text-editor.default\">\n\t\t\t\t<div class=\"elementor-widget-container\">\n\t\t\t\t\t\t\t\t\t<p>Es la membres\u00eda de beneficios exclusivos para todos los que son parte de Toyota.<br \/><span style=\"color: var( --e-global-color-text ); font-family: var( --e-global-typography-text-font-family ), Sans-serif; font-weight: var( --e-global-typography-text-font-weight ); text-align: var(--text-align); font-size: 1rem;\">Vas a poder acceder y disfrutar de experiencias, simplemente siendo parte y haciendo lo que m\u00e1s te gusta: vivir tu Toyota.<br \/><\/span><span style=\"color: var( --e-global-color-text ); font-family: var( --e-global-typography-text-font-family ), Sans-serif; font-weight: var( --e-global-typography-text-font-weight ); text-align: var(--text-align); font-size: 1rem;\">La suscripci\u00f3n es sin costo porque lo \u00fanico que nos interesa es que puedas disfrutar a\u00fan m\u00e1s.<\/span><\/p><p><strong>Ten\u00e9s un Toyota, sos parte.<\/strong><\/p>\t\t\t\t\t\t\t\t<\/div>\n\t\t\t\t<\/div>\n\t\t\t\t\t<\/div>\n\t\t\t\t<\/div>\n\t\t<div class=\"elementor-element elementor-element-c19f2f6 e-flex e-con-boxed e-con e-child\" data-id=\"c19f2f6\" data-element_type=\"container\" data-e-type=\"container\">\n\t\t\t\t\t<div class=\"e-con-inner\">\n\t\t\t\t<div class=\"elementor-element elementor-element-609f4ee elementor-widget elementor-widget-image\" data-id=\"609f4ee\" data-element_type=\"widget\" data-e-type=\"widget\" data-widget_type=\"image.default\">\n\t\t\t\t<div class=\"elementor-widget-container\">\n\t\t\t\t\t\t\t\t\t\t\t\t\t\t\t<img decoding=\"async\" width=\"625\" height=\"373\" src=\"https:\/\/homu.com.ar\/new\/wp-content\/uploads\/2023\/08\/ct.jpg\" class=\"attachment-full size-full wp-image-693\" alt=\"\" srcset=\"https:\/\/homu.com.ar\/new\/wp-content\/uploads\/2023\/08\/ct.jpg 625w, https:\/\/homu.com.ar\/new\/wp-content\/uploads\/2023\/08\/ct-300x179.jpg 300w\" sizes=\"(max-width: 625px) 100vw, 625px\" \/>\t\t\t\t\t\t\t\t\t\t\t\t\t\t\t<\/div>\n\t\t\t\t<\/div>\n\t\t\t\t\t<\/div>\n\t\t\t\t<\/div>\n\t\t\t\t\t<\/div>\n\t\t\t\t<\/div>\n\t\t\t\t<div class=\"elementor-element elementor-element-6b6d0ad elementor-widget elementor-widget-text-editor\" data-id=\"6b6d0ad\" data-element_type=\"widget\" data-e-type=\"widget\" data-widget_type=\"text-editor.default\">\n\t\t\t\t<div class=\"elementor-widget-container\">\n\t\t\t\t\t\t\t\t\t<p>\u00bfPor qu\u00e9 ser parte?<\/p>\t\t\t\t\t\t\t\t<\/div>\n\t\t\t\t<\/div>\n\t\t\t\t<div class=\"elementor-element elementor-element-ce6ed2d elementor-widget elementor-widget-text-editor\" data-id=\"ce6ed2d\" data-element_type=\"widget\" data-e-type=\"widget\" data-widget_type=\"text-editor.default\">\n\t\t\t\t<div class=\"elementor-widget-container\">\n\t\t\t\t\t\t\t\t\t<p>Porque siempre confi\u00e1ste en nuestra marca, porque queremos acercarnos m\u00e1s a vos y porque queremos que disfrutes a\u00fan m\u00e1s de tu Toyota. Por eso, te acercamos a un mundo de experiencias \u00fanicas. Es nuestra forma de decirte gracias por formar parte!<\/p>\t\t\t\t\t\t\t\t<\/div>\n\t\t\t\t<\/div>\n\t\t\t\t<div class=\"elementor-element elementor-element-00d1fd8 elementor-widget elementor-widget-video\" data-id=\"00d1fd8\" data-element_type=\"widget\" data-e-type=\"widget\" data-settings=\"{&quot;youtube_url&quot;:&quot;https:\\\/\\\/www.youtube.com\\\/watch?v=BeJtKJmcguU&amp;t=3s&quot;,&quot;video_type&quot;:&quot;youtube&quot;,&quot;controls&quot;:&quot;yes&quot;}\" data-widget_type=\"video.default\">\n\t\t\t\t<div class=\"elementor-widget-container\">\n\t\t\t\t\t\t\t<div class=\"elementor-wrapper elementor-open-inline\">\n\t\t\t<div class=\"elementor-video\"><\/div>\t\t<\/div>\n\t\t\t\t\t\t<\/div>\n\t\t\t\t<\/div>\n\t\t\t\t<div class=\"elementor-element elementor-element-7a06064 elementor-align-center elementor-widget elementor-widget-button\" data-id=\"7a06064\" data-element_type=\"widget\" data-e-type=\"widget\" data-widget_type=\"button.default\">\n\t\t\t\t<div class=\"elementor-widget-container\">\n\t\t\t\t\t\t\t\t\t<div class=\"elementor-button-wrapper\">\n\t\t\t\t\t<a class=\"elementor-button elementor-button-link elementor-size-md\" href=\"https:\/\/prod-tlac.us.auth0.com\/u\/login?state=hKFo2SAwNGZvWHZKYXplNklwd2xTMTZ4QWlqNTRYWGpyREl6OKFur3VuaXZlcnNhbC1sb2dpbqN0aWTZIGFja0h1dl9jRUNHSV9FSVc5MUlyeFBsTlVkRnpyaEJHo2NpZNkgZzhKSGtzbm5hUEVvcDJWcW1tcFZSUWhpUFNMVTdha2U\" target=\"_blank\">\n\t\t\t\t\t\t<span class=\"elementor-button-content-wrapper\">\n\t\t\t\t\t\t\t\t\t<span class=\"elementor-button-text\">REGISTRARSE<\/span>\n\t\t\t\t\t<\/span>\n\t\t\t\t\t<\/a>\n\t\t\t\t<\/div>\n\t\t\t\t\t\t\t\t<\/div>\n\t\t\t\t<\/div>\n\t\t\t\t<\/div>\n\t\t\t\t\t<\/div>\n\t\t\t\t<\/div>\n\t\t\t\t<\/div>\n\t\t","protected":false},"excerpt":{"rendered":"<p>\u00bfQU\u00c9 ES CLUB TOYOTA? Es la membres\u00eda de beneficios exclusivos para todos los que son parte de Toyota.Vas a poder acceder y disfrutar de experiencias, simplemente siendo parte y haciendo lo que m\u00e1s te gusta: vivir tu Toyota.La suscripci\u00f3n es sin costo porque lo \u00fanico que nos interesa es que puedas disfrutar a\u00fan m\u00e1s. Ten\u00e9s [&hellip;]<\/p>\n","protected":false},"author":1,"featured_media":0,"parent":0,"menu_order":0,"comment_status":"closed","ping_status":"closed","template":"","meta":{"_acf_changed":false,"footnotes":""},"class_list":["post-682","page","type-page","status-publish","hentry"],"acf":[],"jetpack_sharing_enabled":true,"_links":{"self":[{"href":"https:\/\/homu.com.ar\/new\/wp-json\/wp\/v2\/pages\/682","targetHints":{"allow":["GET"]}}],"collection":[{"href":"https:\/\/homu.com.ar\/new\/wp-json\/wp\/v2\/pages"}],"about":[{"href":"https:\/\/homu.com.ar\/new\/wp-json\/wp\/v2\/types\/page"}],"author":[{"embeddable":true,"href":"https:\/\/homu.com.ar\/new\/wp-json\/wp\/v2\/users\/1"}],"replies":[{"embeddable":true,"href":"https:\/\/homu.com.ar\/new\/wp-json\/wp\/v2\/comments?post=682"}],"version-history":[{"count":35,"href":"https:\/\/homu.com.ar\/new\/wp-json\/wp\/v2\/pages\/682\/revisions"}],"predecessor-version":[{"id":21217,"href":"https:\/\/homu.com.ar\/new\/wp-json\/wp\/v2\/pages\/682\/revisions\/21217"}],"wp:attachment":[{"href":"https:\/\/homu.com.ar\/new\/wp-json\/wp\/v2\/media?parent=682"}],"curies":[{"name":"wp","href":"https:\/\/api.w.org\/{rel}","templated":true}]}}